h**2 - 8 + 0*h**2. Is q(-2) composite?
False
Let u(v) = 172308*v**3 + 5*v**2 - 4*v - 2. Is u(1) prime?
True
Suppose -9*d - 6 + 33 = 0. Suppose -152 = -4*b - 2*l, 3*l + l = d*b - 103. Is b composite?
False
Let x = 227658 + -24127. Is x a composite number?
False
Is (2 + -6)*((-20973640)/32 - (-48)/(-6)) composite?
False
Let p = 88 - 86. Suppose -12*g + p = -14*g. Is ((-2)/g)/(38/4997) a prime number?
True
Let b = -3286 - -22023. Is b a composite number?
True
Suppose -127*k + 19*k = -4361148. Is k a composite number?
True
Let s(c) = 2*c**3 + 12*c**2 + 7*c - 9. Let p be s(-5). Let h(q) = q. Let w(b) = -74*b - 27. Let n(i) = p*h(i) + w(i). Is n(-7) composite?
False
Let n(b) = -b**2 + b - 173. Let r be n(0). Suppose 3*v - 921 = -h, 447 = 7*v + 2*h - 1702. Let l = r + v. Is l prime?
False
Let f = 608206 - 389849. Is f composite?
False
Let u(s) = -503*s**3 - 37*s**2 - 36*s + 33. Is u(-7) a composite number?
True
Let i be 5*(-4)/(-10) - -21. Let u(s) be the second derivative of 2*s**3/3 - 13*s**2/2 - 18*s. Is u(i) prime?
True
Suppose 17*k - 10384 = 28937. Suppose 4*u - 2*u - 2944 = 0. Let x = k - u. Is x a prime number?
False
Suppose -93*g = -84*g - 72081. Is g a prime number?
True
Is (45/18 + -3)/(5/(-76010)) prime?
False
Suppose 26557366 = -39*i + 67631347. Is i prime?
True
Suppose s = -4*u - s - 202, 0 = 4*s + 12. Let j be ((-8)/14)/(112/u - -2). Suppose 3*a + y + 157 - 2854 = 0, j*a + 3*y = 1798. Is a composite?
True
Suppose 16*v = 935831 + 244590 + 72395. Is v a prime number?
True
Let g be (-276)/(-2) + 66 + -73. Suppose -127*u - 12108 = -g*u. Is u composite?
True
Let d(v) be the third derivative of -1783*v**4/24 - 13*v**3/6 + 68*v**2. Is d(-6) prime?
False
Suppose 0 = -4*y - 2*a + 24, 0 = 4*y - y + 3*a - 21. Suppose 15*d = y*d + 14390. Is d prime?
True
Let b = -49 - -51. Let x(o) = 7*o**2 - 11*o**2 + 3*o**3 + o + 13 - b*o**2 - 12*o. Is x(8) prime?
False
Let s(q) = -3*q**3 + 2*q**2 + 18*q + 27. Let o(g) = -3*g - 40. Let i be o(-8). Is s(i) a prime number?
True
Let p be ((-2)/((-16)/12))/((-6)/(-28)). Suppose -p*d + 0*d = 581. Is (d - -9)/((-25)/23 + 1) a prime number?
False
Suppose -148 = 2*r + 4*g, -4*g = -4*r + r - 212. Suppose 0 = 2*s - 2, 3*s + s + 516 = 4*c. Let l = r + c. Is l composite?
True
Let g be 2 - (-4 + -2 + 2). Let v(n) = 10*n + 9 - 106*n + 8 - g. Is v(-6) a prime number?
True
Let w = -1065 + 1554. Let g be (-1)/(12/8) - (-27)/(567/5390). Let q = w + g. Is q prime?
False
Suppose -7*z + 3*x - 45 = -3*z, 0 = 2*z - 4*x + 30. Let r(i) = 85*i + 34. Let w be r(z). Let l = -238 - w. Is l prime?
False
Let v = 1 + 11. Suppose 9*j = v*j - 4758. Suppose j = 4*r - 50. Is r prime?
True
Suppose -2*l + 0*t + 21 = -5*t, 3*l - 19 = -5*t. Let q be 4 - (10/l + 1/(-4)). Suppose x + f - 103 = 6, 5*x = -q*f + 553. Is x composite?
False
Let l be (-362)/(-14) - ((-81)/63)/9. Suppose 24*a + 39676 = l*a - 3*v, -3*v - 19835 = -a. Is a composite?
False
Let c(v) = 8*v**2 - 24*v - 66. Let b be c(-26). Suppose 6*s - 9112 - b = 0. Is s composite?
True
Let m = 6 + -10. Let t(o) = 15579 - 180*o - 15532 - 392*o. Is t(m) composite?
True
Let d = 196912 + -45041. Is d composite?
False
Let o(p) = 12997*p**2 + 371*p + 1473. Is o(-4) a prime number?
True
Let j = 58328 - 30558. Let x = 48343 - j. Is x prime?
False
Let i(r) be the third derivative of 2*r**4/3 - 3133*r**3/2 - 23*r**2. Let h(j) = -11*j + 6266. Let n(k) = -7*h(k) - 5*i(k). Is n(0) prime?
False
Suppose -4*w + 5*m + 42906 = 0, 5*w + 13*m - 12*m = 53647. Is w a composite number?
False
Suppose 856168 = 4*f + 4*u - 103156, -2*f + 479662 = -5*u. Is f composite?
False
Let x(t) = 24*t**3 + t**2 - 2. Let k be x(2). Suppose -f - f - k = -r, 4*f - 3*r = -388. Let i = 208 + f. Is i a prime number?
False
Let w be 42/(-231) - 486/(-11). Suppose w*i = 46*i - 1814. Is i prime?
True
Let f(l) = -832*l - 353. Is f(-7) a prime number?
True
Let q(l) = 57556*l - 1613. Is q(10) a composite number?
True
Let y(s) = -s**2 - 28*s - 125. Let w be y(-22). Is -1 + w - (-962)/2 composite?
False
Suppose 5*a = 0, 3*a - 4*a + 10 = 5*k. Let h(u) = 23*u - 9. Let c be h(k). Suppose -85 - c = -g. Is g composite?
True
Let c(p) be the third derivative of 31*p**4/2 + 29*p**3/6 + 5*p**2 + 1. Is c(9) composite?
True
Let u = 382 + -98. Let p = 361 - u. Is p prime?
False
Let a be (-2 + 3)/(6/30). Suppose 0 = 2*w + 4, -k - 3*w + 2 - a = 0. Let d(p) = 331*p + 4. Is d(k) a composite number?
False
Let m = -1035 - -69. Let d be -430 - (-6 - -4 - -4 - -1). Let p = d - m. Is p composite?
True
Let w(i) = 5503*i - 484. Is w(6) a composite number?
True
Let g(l) = 34409*l**2 + 435*l - 1. Is g(-1) prime?
False
Suppose -5*v - 464215 + 1219212 = 4*q, -3*q - 2*v + 566253 = 0. Is q a composite number?
False
Let t(o) = 13*o**3 + o + 113 - 18*o + 3*o - 7*o + o**2 - 2*o. Is t(6) a prime number?
True
Let a(q) = -q**3 - 5*q**2 + 4*q - 7. Let y be a(-6). Let s be (-14*(-6)/(-16))/((-150)/43600). Suppose y*g = 3*m + s, g = 2*m + 234 + 67. Is g composite?
False
Let r(s) = -26*s**3 + 5*s**2 - 7*s + 5. Suppose -4*y + 19 + 1 = -5*m, 4*m - 2*y = -16. Is r(m) a composite number?
False
Suppose 3 = -3*j + 18. Suppose -2*g = -j*r - 7088, g + 3*r = 2*g - 3542. Is g a composite number?
True
Let i(z) = -2 + 15 - 8 + 14 - 339*z. Let g(v) = v**2 + 11*v + 8. Let c be g(-9). Is i(c) a prime number?
False
Suppose 3*y + 5 = 2. Let d(s) = 40*s**2. Let k be d(y). Is (-4)/(k/(-5))*1502 a prime number?
True
Let m(b) = -635*b**3 - 9*b**2 - 5*b - 3. Let s(f) = -f**3 + f**2 + 2*f. Let w(r) = -m(r) - 6*s(r). Is w(2) a prime number?
False
Let n = 6257 - -5308. Suppose -2*g + f + n = 0, 0 = g + 2*f + 3058 - 8853. Suppose -2*k + g = a, -3*k - 2*a + 8676 = -0*a. Is k a prime number?
False
Let q(h) = -17432*h**3 + 56*h**2 + 164*h - 19. Is q(-3) composite?
True
Let h be -2 - 1 - (-60)/(-15). Let j(x) = -178*x + 115. Is j(h) a prime number?
True
Let a be (-15)/9 - 1/(3/(-2)). Let b be 2*10/(-4)*a. Is 995/2 + (b - 55/10) a prime number?
False
Suppose -7*u + 389 = 410. Is (4 - 3/u) + 17034 prime?
False
Let x be (-1 - 0)*(-1693 + 4/2). Let y = x - 812. Let i = y + -497. Is i prime?
False
Suppose 3*m = 0, -s + 3*m + 56013 = -0*m. Is s composite?
True
Let f(h) = 26*h**2 - h - 1. Let y = -24 + -6. Let v = y + 20. Is f(v) a composite number?
False
Let i(w) = -3*w + 4. Let p be i(-12). Let m = p + -38. Suppose 5*s = 2*c + 461, -m*c + 103 = s + 3*c. Is s prime?
False
Let q(j) = 15116*j**2 - 21*j + 65. Is q(3) a prime number?
False
Let s = -1001195 + 2537538. Is s a composite number?
False
Suppose -44*n + 64452028 = 168*n - 0*n. Is n composite?
True
Suppose -3*p + 31 - 4 = 0. Let a(h) = 3*h**3 + 12*h**2 - 9*h - 16. Let i(d) = 5*d**3 + 18*d**2 - 13*d - 23. Let q(l) = -8*a(l) + 5*i(l). Is q(p) composite?
True
Let o = -84 + 93. Is (27468/8 - -3)*6/o a prime number?
False
Let h(j) = 13*j**3 + 18*j**2 - 22*j - 147. Is h(20) a prime number?
False
Suppose 2*z = -5*c + 22, 4*z - 14 + 2 = -2*c. Suppose 11 = -c*p + 27. Suppose -3*j - 2*j = -5*o + 3265, 0 = -o - p*j + 633. Is o a composite number?
True
Let m(x) = 66*x**2 - 5*x + 2. Let v be m(2). Let k = 514 + v. Suppose 4*a + z = 4*z + k, -378 = -2*a - 2*z. Is a a prime number?
True
Let a = 107 + -99. Suppose 0 = -4*u + a*u - 52. Suppose u*x - 8218 = -x. Is x a prime number?
True
Let n = 283769 - 155988. Is n prime?
True
Let x = -7813 - -5187. Let p = 3917 + x. Is p a prime number?
True
Let l be 4 + -1 + (-2 - -11). Let s be ((-5541)/l + 4 - 2)*-8. Suppose 4*v - s + 542 = -4*x, 5*v = x - 790. Is x a composite number?
True
Is (-10)/105 + (-23617212)/(-252) composite?
False
Let y(v) = 13 + 2*v**2 - 2*v + 6 - 14 + 17*v**3 - 7*v. Let j be y(6). Let r = j - 2002. Is r a composite number?
False
Suppose 0 = -4*d - 5*i + i - 1920, 0 = d - 4*i + 500. Let o = 3017 + d. Is o a prime number?
False
Let f be 6 - -6 - 8 - 2*42. Is (-3)/4 - 171820/f prime?
False
Suppose 4*b + 5*l + 5 = 0, -9*b - 3*l - 35 = -13*b. Suppose 53585 = b*r - 58545. Is r prime?
False
Let c be 15/9 + -2 + (-84)/(-9). Let w(i) = 61*i - 33. Let b be w(c). Let m = 737 + b. Is m composite?
True
Let q be 60/(-36)*(-5)/(50/12). Suppose q*v - 4049 - 4517 = 0. Is v prime?
True
Let j(f) = 128*f**2 + 681*f - 252. Is j(67) a composite number?
False
Is 7654959/15 + 3 + 7/((-35)/3) prime?
False
Suppose -2*s + 46853 = 5*a, -10077